 15?
True
Is 43 a factor of 1462?
True
Is 1039 a multiple of 4?
False
Is 70 a factor of 6160?
True
Does 21 divide 147?
True
Is 4081 a multiple of 11?
True
Is 3 a factor of 633?
True
Is 20069 a multiple of 7?
True
Is 12 a factor of 13997?
False
Does 4 divide 164?
True
Is 3351 a multiple of 10?
False
Is 26 a factor of 2274?
False
Is 210 a multiple of 21?
True
Does 38 divide 1862?
True
Is 1600 a multiple of 14?
False
Does 34 divide 306?
True
Is 1027 a multiple of 3?
False
Does 7 divide 370?
False
Is 22 a factor of 4246?
True
Is 15 a factor of 34729?
False
Does 28 divide 6468?
True
Does 16 divide 2289?
False
Is 3153 a multiple of 7?
False
Does 271 divide 80487?
True
Is 16 a factor of 144?
True
Does 2 divide 12249?
False
Does 48 divide 6912?
True
Does 9 divide 2583?
True
Is 11 a factor of 84128?
True
Is 1142 a multiple of 5?
False
Does 9 divide 324?
True
Is 977 a multiple of 12?
False
Is 6721 a multiple of 150?
False
Does 16 divide 22016?
True
Does 11 divide 5891?
False
Does 18 divide 2916?
True
Is 91 a factor of 788?
False
Does 14 divide 47209?
False
Does 46 divide 1104?
True
Is 6611 a multiple of 17?
False
Is 888 a multiple of 28?
False
Does 16 divide 482?
False
Is 6 a factor of 24147?
False
Is 62 a factor of 107963?
False
Is 17 a factor of 7667?
True
Is 10 a factor of 1426?
False
Does 151 divide 5729?
False
Is 3890 a multiple of 10?
True
Is 27 a factor of 25191?
True
Does 9 divide 33?
False
Is 63 a factor of 1520?
False
Is 12 a factor of 73092?
True
Is 165 a multiple of 15?
True
Is 9 a factor of 238?
False
Is 8730 a multiple of 18?
True
Is 19 a factor of 31755?
False
Does 45 divide 21645?
True
Does 4 divide 31?
False
Is 2286 a multiple of 2?
True
Is 33 a factor of 6237?
True
Is 21 a factor of 2555?
False
Is 88 a factor of 16544?
True
Does 30 divide 25440?
True
Is 13 a factor of 12779?
True
Is 112 a multiple of 93?
False
Is 115 a multiple of 2?
False
Is 20 a factor of 2014?
False
Is 74030 a multiple of 10?
True
Is 122 a multiple of 14?
False
Is 30 a factor of 2580?
True
Does 81 divide 12602?
False
Is 10 a factor of 7766?
False
Does 5 divide 658?
False
Is 9 a factor of 117?
True
Is 70 a factor of 1538?
False
Is 556 a multiple of 2?
True
Is 52 a factor of 38116?
True
Is 235 a multiple of 5?
True
Does 31 divide 342?
False
Is 107110 a multiple of 10?
True
Is 5796 a multiple of 12?
True
Is 308 a multiple of 7?
True
Is 18 a factor of 2664?
True
Is 236 a factor of 62540?
True
Does 17 divide 182?
False
Is 9047 a multiple of 83?
True
Is 8 a factor of 672?
True
Does 103 divide 10712?
True
Is 126 a factor of 7220?
False
Is 48 a factor of 298?
False
Does 77 divide 22667?
False
Is 8518 a multiple of 14?
False
Is 2166 a multiple of 19?
True
Does 28 divide 6261?
False
Is 123 a multiple of 19?
False
Does 47 divide 8695?
True
Is 32 a factor of 768?
True
Is 45560 a multiple of 17?
True
Is 6 a factor of 793?
False
Does 15 divide 2790?
True
Is 13551 a multiple of 278?
False
Is 3720 a multiple of 35?
False
Is 6 a factor of 1176?
True
Is 277 a factor of 6648?
True
Is 13 a factor of 490?
False
Is 1396 a multiple of 23?
False
Is 22 a factor of 263?
False
Does 42 divide 11256?
True
Does 12 divide 677?
False
Does 90 divide 1530?
True
Does 49 divide 11515?
True
Does 37 divide 2220?
True
Is 8893 a multiple of 28?
False
Is 1217 a multiple of 16?
False
Is 82 a factor of 2909?
False
Is 1332 a multiple of 6?
True
Is 8024 a multiple of 21?
False
Is 34 a factor of 232?
False
Is 50 a factor of 1305?
False
Is 2449 a multiple of 31?
True
Is 4682 a multiple of 72?
False
Does 46 divide 2421?
False
Does 45 divide 315?
True
Is 66 a factor of 396?
True
Is 13 a factor of 18759?
True
Is 11 a factor of 990?
True
Is 138 a factor of 23655?
False
Is 7 a factor of 567?
True
Is 44 a factor of 16122?
False
Does 9 divide 1116?
True
Is 14 a factor of 897?
False
Is 9 a factor of 18999?
True
Is 1513 a multiple of 17?
True
Is 1144 a multiple of 44?
True
Is 1321 a multiple of 70?
False
Is 64 a factor of 42145?
False
Does 34 divide 1632?
True
Is 5835 a multiple of 36?
False
Is 15 a factor of 1492?
False
Is 420 a multiple of 7?
True
Does 37 divide 24874?
False
Does 14 divide 5590?
False
Is 181 a factor of 12670?
True
Is 109 a factor of 15151?
True
Is 28 a factor of 8288?
True
Does 100 divide 12400?
True
Is 11 a factor of 25232?
False
Is 11584 a multiple of 34?
False
Does 12 divide 312?
True
Is 4 a factor of 268?
True
Is 5533 a multiple of 25?
False
Does 19 divide 532?
True
Is 19 a factor of 2318?
True
Is 10402 a multiple of 14?
True
Does 3 divide 123?
True
Does 52 divide 3744?
True
Is 5 a factor of 97?
False
Is 70 a multiple of 7?
True
Is 13 a factor of 71?
False
Is 218 a factor of 218?
True
Is 23 a factor of 3289?
True
Is 10206 a multiple of 54?
True
Is 7729 a multiple of 7?
False
Does 80 divide 1866?
False
Is 12 a factor of 312?
True
Is 5 a factor of 5955?
True
Does 14 divide 224?
True
Is 101 a multiple of 17?
False
Is 12 a factor of 175281?
False
Is 19 a factor of 1700?
False
Does 128 divide 10198?
False
Does 27 divide 1699?
False
Does 138 divide 3506?
False
Is 7 a factor of 200?
False
Is 18 a factor of 3258?
True
Does 109 divide 101260?
False
Does 26 divide 52?
True
Is 1364 a multiple of 54?
False
Does 23 divide 1032?
False
Does 30 divide 7150?
False
Is 6059 a multiple of 14?
False
Does 18 divide 1206?
True
Is 775 a multiple of 4?
False
Is 13524 a multiple of 19?
False
Is 48 a factor of 5423?
False
Is 5 a factor of 654?
False
Does 20 divide 365?
False
Is 1224 a multiple of 8?
True
Does 21 divide 13391?
False
Is 46 a factor of 1162?
False
Is 2808 a multiple of 27?
True
Does 7 divide 120?
False
Is 16 a factor of 3924?
False
Does 5 divide 4670?
True
Is 64791 a multiple of 9?
True
Is 1879 a multiple of 3?
False
Does 30 divide 6961?
False
Is 6 a factor of 1283?
False
Is 195 a multiple of 39?
True
Is 3 a factor of 572?
False
Is 24 a factor of 616?
False
Is 7 a factor of 847?
True
Is 1932 a multiple of 14?
True
Is 44100 a multiple of 25?
True
Is 9 a factor of 12594?
False
Does 12 divide 1476?
True
Is 159 a multiple of 74?
False
Is 7656 a multiple of 8?
True
Does 30 divide 720?
True
Does 17 divide 85?
True
Is 3696 a multiple of 16?
True
Is 26703 a multiple of 129?
True
Is 21 a factor of 23595?
False
Is 34 a multiple of 15?
False
Is 2524 a multiple of 10?
False
Is 33 a factor of 889?
False
Does 144 divide 24912?
True
Is 833 a multiple of 17?
True
Is 11 a factor of 368?
False
Is 1503 a multiple of 13?
False
Is 2681 even?
False
Is 5 a factor of 345?
True
Does 86 divide 3928?
False
Is 4783 a multiple of 30?
False
Does 12 divide 358?
False
Is 24 a factor of 1776?
True
Is 3168 a multiple of 72?
True
Does 23 divide 3979?
True
Is 33 a factor of 3333?
True
Is 50 a factor of 15350?
True
Is 170 a multiple of 7?
False
Does 104 divide 29016?
True
Is 16744 a multiple of 28?
True
Is 14 a factor of 2053?
False
Does 79 divide 948?
True
Does 51 divide 714?
True
Is 2848 a multiple of 26?
False
Is 90 a factor of 5940?
True
Is 42 a factor of 25210?
False
Is 19458 a multiple of 423?
True
Is 35 a factor of 50995?
True
Is 3941 a multiple of 95?
False
Does 72 divide 43084?
False
Is 29 a factor of 34298?
False
Is 7 a factor of 830?
False
Is 2607 a multiple of 79?
True
Is 53 a factor of 12672?
False
Is 17 a factor of 278?
False
Is 2711 a multiple of 33?
False
Is 18 a factor of 1307?
False
Is 14 a factor of 3696?
True
Is 127 a factor of 54645?
False
Is 46 a factor of 329?
False
Does 131 divide 4323?
True
Is 35 a factor of 35?
True
Is 4352 a multiple of 64?
True
Is 80 a factor of 175548?
False
Is 12737 a multiple of 271?
True
Is 238 a multiple of 7?
True
Is 106 a factor of 41022?
True
Is 4550 a multiple of 5?
True
Does 11 divide 473?
True
Is 14 a factor of 21914?
False
Is 6 a factor of 1350?
True
Is 4193 a multiple of 161?
False
Does 13 divide 442?
True
Is 3876 a multiple of 57?
True
Is 42 a factor of 2589?
False
Is 8481 a multiple of 11?
True
Is 160 a multiple of 16?
True
Does 32 divide 18239?
False
Does 41 divide 82984?
True
Is 5273 a multiple of 156?
False
Does 10 divide 9410?
True
Is 700 a multiple of 28?
True
Is 10431 a multiple of 61?
True
Is 57 a factor of 3418?
False
Is 7520 a multiple of 8?
True
Is 23 a factor of 2254?
True
Is 158 a factor of 7110?
True
Does 2 divide 274?
True
Is 7 a factor of 6874?
True
Does 73 divide 489